**4/8 + 3*p**3/2 - 47*p**2. Suppose 4*q = -8 + 44. What is k(q)?
9
Let v(p) be the second derivative of -p**3/6 - p**2/2 + 1488*p. Let a(y) = y**2 - 2. Suppose -2*o + o = 0. Let m be a(o). What is v(m)?
1
Let m(x) = x**2 + x - 1. Let p(d) = -6*d**2 - 4*d - 1. Let h(w) = -5*m(w) - p(w). Suppose -40 = 7*k + 5*u, 0 = 2*k - 2*u - 8816 + 8800. Give h(k).
6
Let d(w) = -19*w - 566. Let k(q) = -28*q - 851. Let u(g) = -8*d(g) + 5*k(g). What is u(-24)?
-15
Let q = -1180 - -1886. Let o = -696 + q. Let t(g) = g**3 - 9*g**2 - 10*g + 6. Determine t(o).
6
Suppose -3*x - 4*c = -49, 3*x - 4*c - 5 = 12. Suppose -2*j - 27 = -x. Let h(d) = d**3 + 9*d**2 + 5*d + 4. Give h(j).
28
Let x = 13 - 15. Let w(r) = -r**2 + 3*r + 5. Let q be w(x). Let p(c) = -c + 4. Let k(d) = 2*d - 7. Let n(v) = 3*k(v) + 5*p(v). What is n(q)?
-6
Suppose -4*g = -5*s + 192, -5*s + 159 = -s - 5*g. Let x be ((-115)/69)/(10/s). Let l(y) = y**3 + 5*y**2 - 3*y + 2. Give l(x).
-16
Let k(x) be the first derivative of x**6/120 - x**5/12 + x**4/12 + 2*x**3/3 - 7*x**2/2 + 60. Let y(j) be the second derivative of k(j). Determine y(3).
-8
Let x(z) = 79*z + 15. Let i be x(2). Let r(s) = 6 - 347*s + i*s + 173*s. Determine r(10).
-4
Let m(g) = -g**2 - 4*g + 4. Let w(t) = -t**2 + 9*t - 19. Let k = -44 + 37. Let q be (k/1)/(-1) - 0. Let u be w(q). Give m(u).
-1
Let h(a) = 7*a - 6. Let y(u) = 6*u - 5. Let o(b) = -5*h(b) + 6*y(b). Suppose 7*k + 850 - 822 = 0. What is o(k)?
-4
Let j(o) = 2*o + 5. Let a(f) = 35*f + 90. Let x(s) = a(s) - 16*j(s). Suppose -3*h + 6*h + 36 = 0. Determine x(h).
-26
Suppose 103 = 3*g - 2*k - 156, k - 253 = -3*g. Let b(v) = g - 12*v + v**2 - 79 + 2*v**2 - v**2. Determine b(6).
6
Let w(i) be the second derivative of -i**3/6 + i**2/2 - 2*i. Let d(s) = -60*s + 2. Let m be d(4). Let x = 244 + m. What is w(x)?
-5
Suppose n + 37 = -3*q + 26, -n = 2*q + 7. Let a(c) = -11*c + 7. Give a(q).
51
Suppose -s + 8 = -4*w, -s + 4 - 1 = w. Let i(n) be the second derivative of 5*n**3/6 - 3*n**2/2 + 76*n - 6. Determine i(w).
-8
Suppose -5*j - 25 = -3*j + 3*p, 0 = 4*j - 3*p + 5. Let r(b) = 9*b**2 - 8*b - 4. Let t(f) = -11*f**2 + 7*f + 5. Let c(s) = j*t(s) - 6*r(s). What is c(-8)?
-41
Let h(p) = -p**2 + 13*p**2 - 20*p - 3781 + 3794 - p**3. What is h(10)?
13
Let n(f) = f + 14. Suppose 79*r + 781 = -110*r - 542. Determine n(r).
7
Let j(f) be the third derivative of -f**5/30 - 19*f**4/6 - 4*f**3/3 + f**2 + 200. Give j(-38).
-8
Let a(k) = -5*k - 13. Let r(o) = o**2 - 32*o + 67. Let v be r(30). Let c(u) = 2*u + 5. Let w(g) = v*c(g) + 3*a(g). What is w(5)?
-9
Let q(h) be the first derivative of 47 + 1/4*h**4 + 0*h**2 + 0*h - 1/3*h**3. Suppose 0 = -2*u + u. Calculate q(u).
0
Let i = -94 - -96. Let o(w) = 43*w + 6 + 5*w**3 - 7*w**i - 35*w - 6*w**3 + 0*w**3. Calculate o(-8).
6
Let w(b) = -16*b + 89. Let r(d) = 2*d - 9. Let u(g) = -35*r(g) - 5*w(g). What is u(12)?
-10
Suppose -24*r + 20 = -28*r. Let c(k) = k + 19. Let j be c(-17). Let o(g) = -4*g**2 - 7*g + 6 + j - 2 + 12*g - g**3. Give o(r).
6
Let l(u) = 4*u - u - u**3 + 52068*u**2 + 5 - 52072*u**2. Suppose 32 = -7*g + 2*g + 4*r, 3*g = -2*r - 6. What is l(g)?
-7
Let s(l) = 4 + l - 5 + l - 4*l. Let i(h) = 4*h - 1. Let b(d) = i(d) + 4*s(d). Give b(-7).
23
Let t(s) = s**3 - 5*s**2 - 5*s - 4. Let q be ((-32)/(-10) + -2)/((-1)/(-5)). Let u be t(q). Let v(n) = 3*n**2 - 3*n**u - 3*n**2. Determine v(1).
-3
Let o(u) be the first derivative of u**2/2 - u - 3. Suppose 5*d = -7*d + 2*a + 80, -4*d + 4 = 5*a. What is o(d)?
5
Let b be (-21)/((-105)/(-24) + -4). Let s = b - -62. Let a(x) = x**3 - 5*x**2 - 5*x - 5. Calculate a(s).
1
Let y(f) = -f**2 - 14*f - 20. Let k(j) = 84*j**2 + 2*j - 4. Let r be k(3). Let b = r - 771. Determine y(b).
-7
Let u be (-21)/((21/(-2))/(-7)). Let t be (-23)/(-161) + (-68)/u. Let v(m) = 3 - 1 + t - 11*m + 12*m. Give v(5).
12
Let p = 57 + -52. Let f(k) = k + 3. Let y(x) = -2*x - 4. Let h(u) = p*y(u) + 8*f(u). Let j = -10 + 13. Give h(j).
-2
Let q(i) = i - 1. Let f(y) = -3*y**2 - 11*y + 1. Let n(v) = -f(v) - 6*q(v). Let m = -1962 - -1960. Determine n(m).
7
Let l(h) = -2*h - 1. Let w = -94 - -108. Suppose 0 = -4*u + 2*f - w, 3*u + 18*f + 6 = 15*f. Give l(u).
5
Let t(x) = -6*x + 2. Let o(d) = 13*d - 3. Let y(k) = -2*o(k) - 5*t(k). Let u = 6317 - 6321. Determine y(u).
-20
Let u(i) = -i - 4. Let s(k) = -k**3 - 14*k**2 - 10*k + 50. Suppose -102*w + 99*w - 39 = 0. Let z be s(w). What is u(z)?
-15
Let j(a) be the second derivative of a**3/6 - 3*a**2/2 - 2*a + 2401. Suppose -4*t - 1 = -y, 1 + 1 = 2*y. Determine j(t).
-3
Let k(x) be the first derivative of -257 + 5*x - 1/2*x**2. Calculate k(-3).
8
Suppose -8*s = s - 3*s. Suppose -3*f = -n + 5*n + 25, s = -3*f - 5*n - 29. Let k(g) = -g**3 - g**2 + 3*g - 2. What is k(f)?
7
Let f(d) = 22*d - 119. Let w(s) = 7*s + 1. Let h(i) = f(i) + w(i). Calculate h(4).
-2
Suppose r + 8 = 2*r. Let v(w) be the second derivative of -w**5/20 + 3*w**4/4 - 3*w**3/2 - 7*w**2/2 + 16*w - 325. Give v(r).
-15
Let t = -5 + 2. Let g(w) be the second derivative of -1/3*w**3 - 2*w**2 - 1/12*w**4 + 3 + 2*w. Calculate g(t).
-7
Let z(y) = -5*y**2 + 102*y - 1. Let x(i) = 11*i**2 - 229*i + 1. Let b(v) = 4*x(v) + 9*z(v). Calculate b(7).
-40
Let l(m) = 16*m - 36*m + 11*m + 6*m + 2*m**2 + 3. Suppose 24 = 137*d - 129*d. Give l(d).
12
Let s(q) = 1352 - 16*q - 1345 + 3*q**2 + 38*q - 15*q - 11*q. Calculate s(2).
11
Let q(u) = -u**2 + 99. Let b = 4495 + -4507. Determine q(b).
-45
Suppose -u + 56 = 6*u. Suppose -u = a - 2*a. Let f be (-1)/7*(a - 15). Let o(r) = -2*r**3 + r - 1. Give o(f).
-2
Let n(w) = w**2 + 11*w + 27. Let o be n(-8). Suppose 4*s - o*f - 65 = 0, 0 = -s - s - 2*f + 22. Suppose -s + 78 = 8*m. Let g(a) = -3*a + 11. Give g(m).
-13
Let m(u) = 119*u - 20 + 6 - 57*u - 59*u. Let q be m(6). Let y(w) = -2*w + 2. What is y(q)?
-6
Let f(q) = q**3 - 18*q**2 + 19*q - 31. Let m be f(17). Let h(t) = 10*t - 30*t**3 - 33*t**m - 10*t**2 - 3 - 25*t**3 + 87*t**3. Give h(-11).
8
Let n be 1/(-6) - 1564/552. Suppose -3 + 12 = -3*j. Let k be (j/n + -2)*0. Let v(m) = -m**3 + m**2 + 12. Give v(k).
12
Suppose 9*b + 19 = 11*b + 5*l, 2*l = -b + 9. Suppose 0 = 2*g + 1 + b, -3*a + 17 = g. Let z(h) be the third derivative of h**4/12 - 3*h**3/2 + 2*h**2. Give z(a).
5
Let b(h) = -3*h**2 + 18*h + 8. Let c(z) = -4*z**2 + 26*z + 12. Let a be (-5)/(6 - -4)*14. Let v(t) = a*b(t) + 5*c(t). Determine v(-3).
1
Let a(o) = -4*o + 11. Let t be (0 - 0)*((-6)/(-4))/(102 + -99). Calculate a(t).
11
Let d(q) = -14 - 5 + 145*q + 5 + 2*q**2 - 136*q. Determine d(-9).
67
Let q(f) be the first derivative of -15 + 1/3*f**4 + 1/20*f**5 + 2/3*f**3 + 15*f + 1/2*f**2. Let i(k) be the first derivative of q(k). What is i(-3)?
-2
Let y be 2/(14/(0 + -14)). Let n(g) = g - 2. Determine n(y).
-4
Let o = -67 + 71. Let r(j) = -4*j - 2. Let m(v) = -2*v - 3. Let i(u) = o*r(u) - 3*m(u). Determine i(1).
-9
Let t(q) = -47*q + 38. Let a be t(4). Let s = -153 - a. Let l(b) = -b**2 - 2*b. Give l(s).
-3
Let a(z) be the second derivative of -5/6*z**3 + 1/12*z**4 + 3 - 4*z**2 - 2*z. Calculate a(6).
-2
Let r(v) = 18*v + 12*v + 7 + 11*v - 40*v. Suppose -44 = 3*y - 7*y - 2*m, 0 = -2*y - 5*m + 38. What is r(y)?
16
Let f(t) = 7*t - 1. Let r = 446 + -444. Let o(c) = -5*c + 11. Let j be o(r). Calculate f(j).
6
Let g(x) = -762 + 34*x - 36*x - x**2 + 765. Let p be -8 - (0 - 2) - 1. Let o = 3 + p. Determine g(o).
-5
Let g(x) = -185 + 60 - 4*x + 41 + 51 + 53. Calculate g(-7).
48
Let h be -2 + 2/4 - 4/(-8). Let p(v) = v**3 - 7*v**2 - 6*v - 10. Let i be p(8). Let z(j) = 1 + i*j - 12*j - 13*j. Calculate z(h).
20
Let m(n) = -11*n**3 + n**2 - 2*n + 1. Let l be (64/(-10))/(22/(-55)). Suppose 2*r = -l + 22. Let a be 3 - (-2*1)/(r/(-3)). Determine m(a).
-11
Let c = 88 - -85. Let u = 178 - c. Let n(m) = -m**2 + 4*m - 1. Let b(k) = -k**2 + 5*k - 2. Let j(v) = -3*b(v) + 4*n(v). What is j(u)?
-18
Let t(n) be the third derivative of n**6/720 - n**5/120 + 151*n**4/24 + 46*n**2 - 2*n. Let p(w) be the second derivative of t(w). Give p(6).
5
Let f(h) be the first derivative of 22 - 5*h - 3/2*h**2. Calculate f(-7).
16
Suppose -5*o + 10*o - 36 = -2*j, -3 = -j. Let b be 1/((o/(-15))/2). Let c(r) be the second derivative of r**4/12 + r**3/3 - 5*r**2/2 - 43*r - 19. What is c(b)?
10
Let n(i) = 2*i - 4. Let c be (60/(-16))/(7/28). Determine n(c).
